.
-162
-1311133 (base 4) to base 8
-16537
What is 20201 (base 3) in base 7?
346
Convert -2a48 (base 14) to base 5.
-220022
-56b3 (base 15) to base 2
-100011111011001
-17c (base 13) to base 16
-110
What is 97cc (base 14) in base 7?
136345
Convert -44 (base 10) to base 5.
-134
-5b1 (base 14) to base 3
-1120001
Convert 141a (base 13) to base 16.
b50
-21115 (base 6) to base 13
-13b8
Convert -1527 (base 9) to base 3.
-1120221
172 (base 13) to base 3
100201
What is -102446 (base 7) in base 2?
-100010100111011
Convert -805c (base 14) to base 8.
-53022
Convert 406 (base 11) to base 5.
3430
Convert 9aa (base 16) to base 12.
1522
Convert 1040043 (base 5) to base 4.
10123210
-57c0 (base 16) to base 10
-22464
What is 651 (base 7) in base 4?
11022
What is 3450 (base 8) in base 2?
11100101000
Convert -46e (base 15) to base 3.
-1101012
What is -501a (base 15) in base 8?
-41004
What is 55 (base 9) in base 8?
62
What is -1211122 (base 3) in base 6?
-10112
What is 1200210 (base 3) in base 13?
741
Convert -9d (base 15) to base 5.
-1043
Convert -a038 (base 13) to base 5.
-1201032
What is -52440 (base 7) in base 16?
-3273
1031 (base 11) to base 4
111111
Convert -1021111 (base 3) to base 2.
-1110100011
-22fb (base 16) to base 4
-2023323
What is -3142443 (base 5) in base 16?
-ce89
What is -1647 (base 8) in base 13?
-56c
Convert 13303 (base 4) to base 14.
279
What is 2064 (base 9) in base 8?
2754
Convert 1332 (base 5) to base 14.
117
What is -2308 (base 11) in base 10?
-3033
What is 1521 (base 13) in base 16?
bfd
What is -13351 (base 6) in base 3?
-2212011
What is e49 (base 15) in base 6?
22523
Convert -11754 (base 14) to base 3.
-2011110000
What is 121 (base 15) in base 10?
256
1062 (base 12) to base 8
3412
44055 (base 9) to base 10
29210
-673 (base 14) to base 6
-5525
What is 210143 (base 8) in base 5?
4212411
Convert -1203121 (base 4) to base 16.
-18d9
-3103 (base 5) to base 10
-403
-30161 (base 8) to base 10
-12401
Convert 1438 (base 11) to base 10.
1856
-96a4 (base 12) to base 7
-66136
What is 49527 (base 11) in base 5?
4234202
417 (base 9) to base 16
154
What is -b (base 13) in base 16?
-b
What is -269 (base 12) in base 6?
-1413
13631 (base 9) to base 15
2b27
What is -3ba (base 16) in base 8?
-1672
What is 2c25 (base 16) in base 7?
44643
What is 22101 (base 7) in base 5?
134123
Convert 5f7a (base 16) to base 7.
131155
Convert 20303233 (base 4) to base 2.
1000110011101111
-103 (base 6) to base 4
-213
Convert 312020 (base 4) to base 8.
6610
Convert 101200022 (base 3) to base 13.
370a
Convert 6a6 (base 12) to base 14.
50a
What is -4313 (base 8) in base 12?
-1377
Convert 11224 (base 5) to base 14.
422
-23213 (base 5) to base 8
-3223
Convert -554 (base 7) to base 6.
-1152
What is 20245 (base 6) in base 7?
10565
211100 (base 3) to base 7
1521
-1111010101 (base 2) to base 14
-501
What is -830 (base 13) in base 16?
-56f
67537 (base 8) to base 9
43088
110220022 (base 3) to base 15
2bbe
Convert -546 (base 12) to base 5.
-11044
7f (base 16) to base 10
127
What is 40266 (base 7) in base 16?
2616
Convert 11100101010 (base 2) to base 11.
1418
What is -5397 (base 13) in base 10?
-11616
Convert 100110011110100 (base 2) to base 6.
231112
Convert 22020 (base 3) to base 12.
166
What is -644 (base 8) in base 4?
-12210
What is -1332030 (base 5) in base 15?
-8095
What is 210213 (base 5) in base 10?
6933
-4205 (base 6) to base 2
-1110101101
Convert -38537 (base 9) to base 2.
-110010101100010
Convert 11101111100 (base 2) to base 3.
2121222
19a7 (base 13) to base 16
f0f
Convert -2203 (base 10) to base 6.
-14111
What is 8270 (base 13) in base 11?
12589
What is -1bf3 (base 16) in base 13?
-3345
Convert 1534 (base 6) to base 5.
3133
3838 (base 9) to base 5
42440
215 (base 16) to base 12
385
Convert 27612 (base 8) to base 7.
50324
What is 150 (base 6) in base 12?
56
What is -a9b (base 14) in base 16?
-831
Convert 1000000110011 (base 2) to base 4.
1000303
What is -251 (base 7) in base 14?
-98
-17c5 (base 13) to base 2
-110111010101
Convert 890 (base 10) to base 9.
1188
Convert -21102022 (base 3) to base 7.
-21524
-1bf (base 16) to base 4
-12333
What is 103 (base 14) in base 3?
21101
Convert -5d0 (base 15) to base 9.
-1726
Convert 12c0 (base 14) to base 12.
1ab4
What is -ab5 (base 13) in base 2?
-11100101110
Convert -211 (base 13) to base 4.
-11200
7a82 (base 12) to base 3
200200222
2811 (base 11) to base 7
13422
51520 (base 7) to base 15
3b07
What is 660a (base 13) in base 11?
a745
What is -cc (base 15) in base 12?
-140
What is 10403 (base 5) in base 6?
3212
220 (base 6) to base 15
59
What is 163 (base 14) in base 5?
2113
-135b (base 14) to base 15
-1028
Convert -5142 (base 8) to base 7.
-10515
Convert 7a66 (base 11) to base 7.
42621
What is -224 (base 9) in base 12?
-134
Convert -1437 (base 14) to base 6.
-24321
What is -976 (base 12) in base 10?
-1386
Convert 97 (base 16) to base 5.
1101
Convert -2121102 (base 3) to base 15.
-86b
What is -78550 (base 10) in base 8?
-231326
Convert 320412 (base 5) to base 13.
4b67
What is -1011010 (base 2) in base 14?
-66
-101000001 (base 2) to base 8
-501
Convert 1410 (base 8) to base 11.
646
-29 (base 14) to base 4
-211
What is -2354 (base 8) in base 16?
-4ec
What is 11100010110000 (base 2) in base 12?
8494
Convert 212a (base 14) to base 13.
27b2
Convert -1220310 (base 4) to base 11.
-5049
1001201001 (base 3) to base 5
1132201
What is -35b (base 13) in base 10?
-583
Convert -43 (base 8) to base 2.
-100011
-2820 (base 10) to base 8
-5404
Convert 4527 (base 12) to base 13.
3646
Convert 3592 (base 11) to base 12.
2877
Convert 1023105 (base 6) to base 9.
75445
What is 676 (base 11) in base 12?
575
What is -10004 (base 5) in base 12?
-445
What is -1308 (base 15) in base 11?
-305a
What is 13613 (base 8) in base 12?
35a3
-3030 (base 5) to base 6
-1450
-e43 (base 15) to base 11
-2461
Convert 10729 (base 10) to base 15.
32a4
10010101011110 (base 2) to base 12
5652
-3654 (base 15) to base 9
-16757
Convert -1511 (base 9) to base 13.
-6a0
15 (base 15) to base 12
18
Convert 918 (base 10) to base 7.
2451
Convert 935a (base 14) to base 5.
1302424
What is -6596 (base 10) in base 13?
-3005
-44454 (base 6) to base 12
-372a
55a (base 12) to base 7
2206
b6a (base 14) to base 7
6363
-203 (base 7) to base 13
-7a
What is 13131 (base 6) in base 2?
11111001111
What is -20345 (base 8) in base 4?
-2003211
211202 (base 3) to base 16
266
Convert -21200101 (base 3) to base 16.
-15df
What is 2582 (base 10) in base 5?
40312
63a (base 13) to base 4
100213
11110110010010 (base 2) to base 8
36622
What is 173d (base 16) in base 6?
43313
3334 (base 9) to base 13
1174
3220 (base 13) to base 9
10477
105054 (base 8) to base 6
431432
-140342 (base 6) to base 4
-3030212
10232 (base 6) to base 15
628
Convert -c7 (base 15) to base 16.
-bb
What is 29d6 (base 15) in base 9?
13273
11010 (base 2) to base 3
222
What is -42307 (base 9) in base 10?
-27952
What is -18c4 (base 13) in base 2?
-111001111101
What is 343 (base 8) in base 15?
102
What is -70 (base 16) in base 6?
-304
Convert -1825 (base 9) to base 16.
-578
4832 (base 10) to base 8
11340
Convert 121a (base 13) to base 12.
1592
-467 (base 16) to base 2
-10001100111
What is -1441 (base 6) in base 2?
-110000001
677 (base 9) to base 16
22c
-32072 (base 8) to base 2
-11010000111010
What is 10345 (base 6) in base 10?
1433
What is -173 (base 14) in base 3?
-102000
What is 2003023 (base 4) in base 10?
8395
What is 110011111001 (base 2) in base 6?
23213
-10012111 (base 3) to base 6
-14451
-30334 (base 5) to base 3
-2200221
1122110 (base 3) to base 16
4b0
What is 1123 (base 9) in base 4?
30333
Convert -11003 (base 7) to base 12.
-170b
-1011111111001 (base 2) to base 4
-1133321
What is -184 (base 13) in base 10?
-277
What is 32628 (base 9) in base 16?
5495
-12b (base 15) to base 11
-222
Convert -22212 (base 4) to base 14.
-366
Convert -120 (base 4) to base 10.
-24
What is -12002101 (base 3) in base 6?
-25101
What is ab (base 15) in base 8?
241
34506 (base 8) to base 13
689b
Convert -7800 (base 9) to base 4.
-1121313
Convert -10110111101 (base 2) to base 15.
-67e
What is -fa8f (base 16) in base 4?
-33222033
What is 112001220 (base 3) in base 5?
312012
3944 (base 13) to base 4
1333220
What is 198 (base 10) in base 14?
102
Convert -332135 (base 6) to bas